2 - l + 5. Determine a(-9).
14
Let s(w) = -w**3 + 12*w**2 + 25*w + 34. Give s(14).
-8
Let i(h) = -19*h - 72. What is i(-5)?
23
Let l(i) = 9*i**2 + 4*i + 2. What is l(-1)?
7
Let g(v) = -2*v**3 - 18*v**2 + 5*v + 54. Calculate g(-9).
9
Let t(k) = k**2 - 1. Determine t(3).
8
Let y(x) = -x**2 + 9*x + 14. Determine y(-3).
-22
Let o(j) = -j**2 + 37*j + 165. Determine o(41).
1
Let f(n) = -n**3 + 19*n**2 + 40*n + 37. Give f(21).
-5
Let f(b) = -b**2 - 50*b + 401. What is f(7)?
2
Let m(l) = -l - 56. Calculate m(-26).
-30
Let i(f) = -f**3 + 6*f**2 - 5*f + 8. Calculate i(6).
-22
Let j(b) = b**3 + 3*b**2 + 1. What is j(-4)?
-15
Let f(u) = u**3 + 3*u**2 - 4. Determine f(0).
-4
Let v(l) = l**2 - 2*l - 24. What is v(0)?
-24
Let f(s) = s - 16. Calculate f(-5).
-21
Let r(m) = -6*m - 37. Give r(-7).
5
Let y(t) = -4*t**3 - 2*t**2 - 4*t + 3. Determine y(2).
-45
Let l(u) = -u**3 - 19*u**2 - 18*u + 5. Determine l(-18).
5
Let v(s) = -s**2 - s + 7. What is v(5)?
-23
Let u(l) = -l**2 - l - 5. Calculate u(9).
-95
Let p(r) = r**3 - 19*r**2 + 48*r - 2. What is p(16)?
-2
Let s(j) = -15*j - 78. Calculate s(-3).
-33
Let z(j) = -47*j + 10. Determine z(-3).
151
Let m(k) = 11*k**3 + 2*k**2 + 3*k + 3. Calculate m(-2).
-83
Let z(s) = 3*s**2 - 63*s + 63. What is z(20)?
3
Let i(z) = -3*z**2 - 8*z - 5. Determine i(-7).
-96
Let b(x) = -2*x**2 + 16*x - 14. Calculate b(6).
10
Let j(y) = -2*y**2 - 2*y + 11. What is j(0)?
11
Let z(b) = b - 30. What is z(18)?
-12
Let q(y) = 98*y - 100. Give q(1).
-2
Let x(a) = a**2 + 2*a - 4. Give x(3).
11
Let v(q) = 5*q - 35. Give v(11).
20
Let l(x) = x**3 + 6*x**2 + 5. What is l(-6)?
5
Let u(n) = -n**3 - 3*n**2 + 5*n + 3. Determine u(3).
-36
Let w(l) = -2*l - 2. Calculate w(1).
-4
Let h(w) = -w**3 + 15*w**2 - 43*w + 88. What is h(12)?
4
Let a(l) = l**2 - 2*l - 18. Calculate a(0).
-18
Let u(d) = -2*d - 19. Give u(-12).
5
Let x(d) = -2*d**2 + 25*d - 33. What is x(10)?
17
Let i(v) = 2*v**2 + 16*v + 27. Give i(-5).
-3
Let r(i) = -2*i + 9. Calculate r(-7).
23
Let d(o) = -o**3 - 2*o**2 + 19*o + 6. Give d(-5).
-14
Let f(j) = 21*j - 37. Determine f(2).
5
Let z(x) = 4*x**2 + 4*x - 4. Calculate z(3).
44
Let t(r) = -r**2 - 4*r + 14. Give t(6).
-46
Let q(s) = -s**3 + 8*s**2 - 12*s + 36. What is q(7)?
1
Let u(f) = f**2 - 6*f + 4. Determine u(4).
-4
Let i(v) = -v**3 - v**2. Calculate i(0).
0
Let y(d) = -d + 13. Determine y(9).
4
Let p(l) = l**3 - 11*l**2 + 26*l + 13. What is p(7)?
-1
Let c(p) = -10*p**3 - p**2. Determine c(-1).
9
Let w(v) = v**3 - 7*v**2 - 2*v + 11. Calculate w(7).
-3
Let q(o) = o**2 + 19*o - 28. What is q(-20)?
-8
Let n(x) = 3*x**2 - 18*x - 6. Give n(6).
-6
Let k(v) = -16*v - 138. Determine k(-9).
6
Let y(v) = -v**2 - 2*v + 6. What is y(2)?
-2
Let k(i) = -i**2 - 7*i - 6. What is k(-6)?
0
Let d(j) = -2*j**2 - 18*j - 6. Give d(-8).
10
Let z(k) = -52*k + 368. Determine z(7).
4
Let a(k) = 31*k + 1. What is a(2)?
63
Let g(l) = -l**3 + 8*l**2 + 18*l - 4. Calculate g(10).
-24
Let v(c) = c**3 + 29*c**2 + 34*c + 159. Determine v(-28).
-9
Let p(b) = -5*b + 2. Determine p(-3).
17
Let z(b) = b**3 - 8*b**2 - 5*b - 20. Calculate z(9).
16
Let r(x) = -4*x + 6. Give r(0).
6
Let v(g) = 2*g**3 - 11*g**2 + g + 6. Calculate v(5).
-14
Let l(j) = j**2 + 10*j - 14. Determine l(-11).
-3
Let l(k) = -k**2 - 2*k + 10. Calculate l(3).
-5
Let x(a) = -8*a - 46. Calculate x(-4).
-14
Let i(c) = -3*c + 3. Calculate i(-2).
9
Let h(r) = 4*r. Calculate h(5).
20
Let i(c) = -c**3 - 5*c**2 - 6. Determine i(-5).
-6
Let z(v) = -5*v - 2. Calculate z(-2).
8
Let q(a) = a**2 + 12*a + 15. What is q(-11)?
4
Let s(d) = -d**2 - 11*d + 33. Determine s(-14).
-9
Let f(i) = 6*i**2 + 4*i + 2. Give f(-2).
18
Let q(w) = -w**3 - w**2 - 3*w - 19. Give q(0).
-19
Let i(x) = -2*x**2 - 11*x + 30. Calculate i(6).
-108
Let q(l) = 3*l - 9. Calculate q(6).
9
Let r(c) = -7*c + 75. What is r(11)?
-2
Let r(y) = -y**3 - y**2 + 2*y - 1. Calculate r(1).
-1
Let d(o) = -2*o**2 - 16*o - 5. Calculate d(-8).
-5
Let p(q) = q - 11. Give p(7).
-4
Let v(k) = 26*k - 8. Give v(1).
18
Let o(k) = 2*k + 1. Determine o(-3).
-5
Let b(y) = -y**3 + 14*y**2 + 19*y - 18. What is b(15)?
42
Let q(v) = -38*v**3 + 2*v**2 - 6*v + 6. Calculate q(1).
-36
Let v(m) = -3*m + 2. Determine v(-7).
23
Let g(x) = -x**3 - x**2 - 141. Calculate g(0).
-141
Let z(v) = 7*v + 4. Give z(-5).
-31
Let a(r) = -2*r**2 - 9*r + 7. What is a(-6)?
-11
Let g(y) = -y**2 + 3*y - 7. Give g(9).
-61
Let g(b) = -7*b - 7. Determine g(-5).
28
Let q(o) = -o**3 - 8*o**2 + 19*o - 21. Determine q(-10).
-11
Let y(m) = -m**2 + 15*m - 12. Determine y(13).
14
Let v(f) = -23*f - 1. Give v(1).
-24
Let v(h) = 5*h - 84. Give v(17).
1
Let f(z) = z + 2. Calculate f(2).
4
Let m(y) = 2*y - 18. Calculate m(9).
0
Let b(m) = m**2 - 49*m + 173. Calculate b(45).
-7
Let v(j) = -2*j**3 - 12*j**2 + 10*j - 24. Determine v(-7).
4
Let w(v) = -v**3 + 11*v**2 + 24*v - 8. Give w(13).
-34
Let x(s) = -3*s + 17. What is x(6)?
-1
Let m(c) = -c**3 - 13*c**2 - 6*c + 4. Determine m(-12).
-68
Let v(b) = b**3 + 7*b**2 + 5*b - 5. Determine v(-6).
1
Let b(d) = -d**2 - 7*d + 18. Give b(-10).
-12
Let r(z) = -z**2 - 5*z + 5. Calculate r(2).
-9
Let o(f) = 30*f - 1. Calculate o(1).
29
Let g(a) = a**3 + 12*a**2 + 5*a + 1. What is g(-11)?
67
Let g(k) = 2*k**2 + 19*k + 37. Determine g(-7).
2
Let x(z) = z + 8. Give x(-8).
0
Let j(v) = v**3 - 9*v**2 - 7*v - 3. Determine j(9).
-66
Let v(m) = m**3 + 6*m**2 + 3*m - 5. Give v(-4).
15
Let q(w) = -4*w - 5. Determine q(6).
-29
Let o(z) = -z + 37. Calculate o(44).
-7
Let y(f) = f**3 + 6*f**2 + 4*f + 2. Determine y(-4).
18
Let k(s) = -s**3 + 6*s**2 - 3*s + 4. Calculate k(7).
-66
Let j(l) = l**2 - 3*l + 2. What is j(-2)?
12
Let h(q) = 66*q + 397. What is h(-6)?
1
Let a(z) = -2*z**2 - 9*z + 9. What is a(-7)?
-26
Let x(m) = -3*m**3 - 4*m**2 + 9*m + 38. Determine x(-3).
56
Let t(i) = -i**3 + 12*i**2 - 37*i + 9. What is t(7)?
-5
Let r(d) = d**2 + 20*d + 102. What is r(-11)?
3
Let q(z) = z**2 + 2*z - 48. Calculate q(7).
15
Let s(q) = q**2 + 3*q + 2. Calculate s(-5).
12
Let i(w) = w - 14. What is i(12)?
-2
Let o(x) = x**2 - x - 92. Determine o(-9).
-2
Let a(l) = -l - 2. Give a(-14).
12
Let d(m) = -4*m + 32. What is d(5)?
12
Let t(u) = 3*u**3 + 2*u + 4. Calculate t(-2).
-24
Let i(x) = -x**2 - 8*x + 17. What is i(-9)?
8
Let o(j) = 15*j + 37. Calculate o(0).
37
Let r(i) = -i**2 - 7*i - 6. What is r(-5)?
4
Let y(d) = -2*d**2 + 29*d - 29. Give y(1).
-2
Let l(d) = 7*d + 93. Calculate l(-20).
-47
Let b(m) = m**2 + 2*m. What is b(-4)?
8
Let f(n) = 5*n - 1. Give f(-7).
-36
Let v(b) = -b**3 - 27*b**2 + 24*b - 118. Calculate v(-28).
-6
Let k(y) = y**2 + 10*y + 12. Give k(-10).
12
Let i(s) = -2*s**2 + 13*s + 52. Give i(-3).
-5
Let b(y) = -2*y**3 + 6*y**2 - 4*y + 3. What is b(2)?
3
Let g(m) = 219*m + 435. Give g(-2).
-3
Let a(t) = 11*t**2 - 20*t - 19. Calculate a(-1).
12
Let c(o) = -o**2 - 20*o + 66. Calculate c(-24).
-30
Let a(m) = m**3 + 28*m**2 - 28*m + 36. Determine a(-29).
7
Let f(c) = 17*c + 30. Determine f(-2).
-4
Let w(a) = a**2 - 18*a + 64. Give w(8).
-16
Let a(s) = -s**3 + s**2 + 6*s - 3. Give a(4).
-27
Let w(h) = -h**2 - 7*h + 2. What is w(-7)?
2
Let l(y) = 2*y**3 + y**2 - y + 1. Give l(-2).
-9
Let h(a) = -14*a**3 - a**2 + 2*a + 2. What is h(-1)?
13
Let t(j) = j**2 - 2*j + 1. Calculate t(4).
9
Let l(h) = -h**3 - 13*h**2 - 2*h + 4. Determine l(-13).
30
Let l(x) = -x**3 - 2*x**2 + 2*x - 12. Give l(-4).
12
Let j(b) = -2*b**2 - 6*b + 2. Calculate j(-6).
-34
Let o(y) = -78*y + 7. Calculate o(1).
-71
Let p(y) = -y**3 + 6*y**2 - 4*y + 5. What is p(4)?
21
Let t(h) = h**3 - 28*h**2 - 206*h + 54. Calculate t(34).
-14
Let q(i) = -4*i - 8. Determine q(-3).
4
Let f(c) = 2*c - 1. Give f(-6).
-13
Let b(o) = -o**2 - 25*o - 100. Calculate b(-6).
14
Let x(r) = -r**3 + 17*r**2 - 31*r + 37. Determine x(15).
22
Let r(v) = -v**3 + 8*v**2 - 11*v - 11. Determine r(8).
-99
Let s(c) = c**3 - 18*c - 11. Calculate s(-5).
-46
Let n(b) = -18*b + 3. Determine n(2).
-33
Let u(t) = -t**3 + 18*t**2 - 17*t - 8. Give u(17).
-8
Let m(f) = 2*f**2 - 3*f - 15. Calculate m(5).
20
Let n(d) = -4*d - 72. Give n(-17).
-4
Let u(o) = o**2 - 16*o + 20. What is u(14)?
-8
Let f(j) = -j**3 - 13*j**2 - 32*j - 4. What is f(-9)?
-40
Let a(r) = r**3 - 4*r**2 - 85*r + 439. Determine a(6).
1
Let f(y) = -2*y - 1. Give f(-11).
21
Let u(l) = -3*l**2 -